4*h - 36 = -4*b. Let k be 11/(-1*b/8). Let i be ((-28)/(-6))/(k/(-33)). Calculate the greatest common factor of i and 63.
7
Let s be (-5076)/(-39) - (-4)/(-26). Suppose -s - 100 = -5*t. What is the highest common factor of t and 23?
23
Let h(f) = -f**3 + 4*f**2 + 6*f + 3. Let x be h(5). Let k(z) = 7*z + 1. Let t be k(1). Suppose t*j = 9*j - 1. What is the greatest common divisor of j and x?
1
Let f be -12*(2/(-3) - 50/75). What is the greatest common factor of f and 432?
16
Suppose 4*u - 4*v + 99 = -205, -5*v = 4*u + 295. Let l be (-16)/10*u/2. Let x(p) = -3*p - 3. Let s be x(-5). Calculate the highest common factor of s and l.
12
Let k be -4*((-4)/(-16) - -2). Let j = k + 1. Let o be 6/j - (-2875)/20. Calculate the highest common factor of 13 and o.
13
Let i be 8/28 + (-318)/(-14). What is the highest common factor of i and 782?
23
Suppose 5 - 17 = -3*b. Let z be (-35)/(-14) + (-2)/4. Calculate the highest common factor of z and b.
2
Suppose -3*k - 99 = -3*i, 0 = -i - 3*k - 7 + 40. What is the highest common divisor of 99 and i?
33
Let x(a) = -5. Let p(v) = v + 16. Let i(r) = 3*p(r) + 8*x(r). Let o be i(0). Calculate the greatest common factor of 8 and o.
8
Let k = 233 + -226. What is the highest common factor of 175 and k?
7
Let g be (17 + -1)*6/4. Suppose 0 = -40*h + 46*h - 72. Calculate the highest common divisor of g and h.
12
Let p(u) = -34*u + 5 - 25 + 12*u - u**3 + 0*u**3 - 11*u**2. Let r be p(-9). Calculate the greatest common divisor of 2 and r.
2
Let h(b) = 15*b - 289. Let y be h(37). Calculate the highest common divisor of 95 and y.
19
Suppose -4*y + 159 = 3*n, 2*n - 2*y + 153 = 5*n. Let p = -24 + n. Suppose 0 = -3*a + 3, 0 = -x - 6*a + a + p. What is the greatest common divisor of x and 8?
4
Let h = -2 + 3. Let p(i) = 73*i - 1. Let r be p(h). Let x(t) = -2*t**3 - 4*t**2. Let f be x(-3). What is the greatest common divisor of r and f?
18
Let i(q) = 51*q - 17. Let x be i(11). Suppose 3*j - 6*l + 2*l - x = 0, -l = 2*j - 359. Calculate the greatest common divisor of j and 20.
20
Let r be (-258)/(-24) - (-1)/4. Let x(i) = -9*i + 28. Let d be x(3). Calculate the highest common divisor of r and d.
1
Suppose 0 = -5*v - 9*o + 5*o + 100, 0 = -4*o. Let i = -1 + 7. Let m = 2 + i. What is the highest common divisor of v and m?
4
Let m = 69 - 36. Let n(u) = 58*u - 1. Let w be n(4). Calculate the highest common divisor of w and m.
33
Let y(b) = -34*b + 7. Let x be y(-4). Let i = x + -97. Let u = 80 + i. What is the greatest common divisor of u and 18?
18
Suppose -18 = -2*c - 12. Suppose -c*s - 3*m + 913 = 2*s, -3*s + 551 = m. Calculate the highest common divisor of 74 and s.
37
Let l = 184 - 118. Let v = -153 - -252. What is the highest common factor of l and v?
33
Let k = 5 + 0. Let y = k + -3. Suppose 2*g + 3*x = 35, -5*g - 27 = 2*x - 131. What is the greatest common divisor of y and g?
2
Let p = 21 + 122. Calculate the greatest common divisor of p and 221.
13
Let c(s) = s**2. Let r be c(-5). Let f = 51 - r. What is the greatest common factor of f and 65?
13
Suppose 2*y - n = 13 + 3, 4*y + 3*n = 12. Suppose -2*k = k - y. What is the greatest common divisor of 12 and k?
2
Let u(z) = -15 - 6*z**2 - 2 - z**3 - 13*z**2 + 3*z**2 - 11*z. Let v be u(-16). Calculate the greatest common factor of v and 53.
53
Let c = -19 - -32. Suppose z - 75 + c = 0. Suppose 0 = -2*a + 136 + z. What is the highest common divisor of 11 and a?
11
Suppose -4*t - 16 = 0, 3*o = -0*t - t - 4. Let g = 13 + o. Calculate the greatest common factor of 117 and g.
13
Suppose -4*t + 83 + 101 = 0. Calculate the greatest common divisor of t and 1058.
46
Let z be 42/(1 - -2) - 1. Let k be 14/(-7) + 1 + 14. What is the greatest common factor of z and k?
13
Let n = 6 + 177. Let h = n - 98. Calculate the highest common factor of 17 and h.
17
Let f(z) = -97*z - 95. Let l be f(-50). What is the greatest common factor of l and 15?
15
Let z = 53 + -41. Let i = -55 - -63. Calculate the greatest common factor of z and i.
4
Let o(h) = -h**3 + 13*h**2 - 13*h + 16. Let g be o(12). Let d = 11 + g. What is the greatest common divisor of 5 and d?
5
Suppose -4*g + 5*q = 59, 7*q - 3*q = -20. Let l = g + 30. Calculate the greatest common factor of l and 81.
9
Let t = 197 - 195. What is the greatest common divisor of t and 38?
2
Let x(c) = -4*c - 3. Let i be x(-5). Suppose -49025 = -5*o - 48515. What is the greatest common factor of o and i?
17
Suppose -35 - 30 = -13*v. Suppose 3*h = v*h - 726. What is the greatest common factor of h and 33?
33
Let u = -5 + 5. Suppose 4*b - 3*h - 127 = u, -3*b + 0*h = 2*h - 74. Let x be (-80)/b*(-7)/2. What is the highest common factor of 90 and x?
10
Suppose 6*v + 169 = 361. What is the highest common divisor of v and 36?
4
Suppose 2*x - 6*x = -8. Suppose -2*w = 3*w + x*l - 25, -5*l = 0. What is the greatest common factor of w and 25?
5
Let s(k) = -3*k - 7. Let f be s(-1). Let h be f/6 - (296/6)/(-2). What is the highest common divisor of h and 56?
8
Let d(c) = 3*c - 5. Let h be d(11). Suppose -3*m + 5*j + 99 = 0, 0 = m + 2*j + 3*j - 13. Let o = -21 + m. Calculate the greatest common divisor of h and o.
7
Suppose -6072 = -2562*s + 2516*s. Let b(g) = 34*g**2 - g. Suppose -3*n - 2 = -5. Let p be b(n). Calculate the greatest common factor of s and p.
33
Suppose -7*z = -6569 - 3413. What is the highest common factor of z and 62?
62
Let v(f) = -f**2 - f + 4. Let p be v(0). Let n = -55 - -57. What is the highest common divisor of p and n?
2
Suppose 0 = -21*x + 24481 + 887. Calculate the greatest common factor of x and 8.
8
Suppose 2*r - 2 = r. Suppose -3*v + d = -604, -6*v + v + r*d = -1008. What is the greatest common factor of 80 and v?
40
Let r = -88 + 214. Calculate the greatest common factor of 27 and r.
9
Suppose 78*o = 76*o + 224. What is the greatest common factor of 35 and o?
7
Let t be (-2 - -1)/(2/(-2)). Let d be 1 + 81 - (-1 - t). Suppose -2*w - 3*k + 46 = -k, 5*w - 2*k - 101 = 0. Calculate the greatest common divisor of w and d.
21
Let q(p) = -p**3 - p**2 + 5*p + 7. Let z be q(-3). Let r = z - 4. Calculate the greatest common factor of 6 and r.
6
Let m(q) = -q**3 + 6*q**2 - q - 8. Let v be m(5). What is the greatest common divisor of 348 and v?
12
Suppose 2*r + 5*m = -124, 4*r + 49 = -5*m - 189. Let s = 62 + r. Calculate the highest common divisor of s and 5.
5
Let a(q) = -q**2 - 23*q - 121. Let s be a(-14). Calculate the highest common factor of 355 and s.
5
Let w be (-4 - -4) + 0/(-3) + 189. Suppose -u - 2*u = -4*b - 101, -3*u + 66 = 3*b. What is the greatest common factor of u and w?
27
Let m = 474 + -446. What is the highest common factor of m and 12?
4
Suppose 31 = 2*k + p, -k - p - 14 = -2*k. Suppose -4*w - 7 = -27, 40 = 3*r + 2*w. Let d = k - r. What is the highest common factor of 40 and d?
5
Suppose -5*c = -11*c + 72. Let y = -16 + 16. Suppose 2*s + s - c = y. Calculate the highest common divisor of 16 and s.
4
Suppose 5*v + 2*s - 3896 = 0, -10*v - 776 = -11*v - 2*s. What is the highest common factor of 60 and v?
60
Let w(y) = -4*y - 20. Let z be w(-6). Suppose 6*s - s = z*l - 93, 4*s + 4 = 0. Suppose 32 + l = t. Calculate the greatest common divisor of t and 36.
18
Let g be (7/(0 - -1))/(1/(-2)). Let s = 24 + g. Calculate the greatest common factor of 15 and s.
5
Suppose 9 = v - 3*h, 5*v + 56 = 9*v - 2*h. Calculate the greatest common factor of 12 and v.
3
Let m = 36 + -17. Calculate the highest common divisor of 608 and m.
19
Let k(x) = x**2 - 3*x - 5. Let q be k(7). Suppose 19 + q = 7*j. Calculate the highest common divisor of j and 36.
6
Let d = 58 - 29. Suppose 5*a = o - d, 2*a = -3*o + o + 46. Calculate the highest common divisor of 3 and o.
3
Let v be (1 - 9/6)*-6. Let f be v + (3 - 2)*-1. Suppose -7*g + 120 = -f*g. What is the greatest common divisor of g and 6?
6
Let u be (-1071)/(-15) + -2 + 3/5. Suppose -5*c - 2*g + u = 0, -5*c + c + 43 = -g. Calculate the greatest common divisor of 12 and c.
12
Let y be (4 - 820/15)*132/(-16). Calculate the highest common divisor of 110 and y.
22
Let i(j) = -2*j + 52. Let s be 1*1*-1 + -27 + 40. Let f be i(s). Calculate the highest common divisor of f and 35.
7
Let j be (-68)/(-18) - (-2)/9. Suppose 4*n - g = 8*n - 52, j*g = 3*n - 39. Calculate the greatest common factor of 1 and n.
1
Suppose 6*w - 80 